).
1
Let b(c) = c**3 - 23*c**2 + 62*c - 41. Determine b(20).
-1
Let z(o) = o**3 - 6*o**2 - 9*o + 15. What is z(7)?
1
Let r(u) = u - 1. Calculate r(-5).
-6
Let x(k) = 4*k - 3. Calculate x(-4).
-19
Let r(x) = -8*x - 79. Determine r(-10).
1
Let o(u) = u**3 - 14*u**2 + 27*u - 31. Calculate o(12).
5
Let a(h) = -h**3 - 17*h**2 + 20*h + 21. Give a(-18).
-15
Let c(m) = 8*m**2 + 3*m + 1. Give c(-1).
6
Let d(i) = -2*i**2 - 12*i - 6. Calculate d(-7).
-20
Let f(q) = -q**3 - 6*q**2 - q + 7. What is f(-6)?
13
Let s(p) = -p**2 - 2*p + 10. Calculate s(-4).
2
Let u(d) = -2*d + 16. Calculate u(16).
-16
Let h(n) = -51*n**2 - 2*n + 2. Give h(1).
-51
Let m(d) = 9*d**3 - 3*d**2 + 3*d + 5. Determine m(-1).
-10
Let q(w) = 5*w + 24. Determine q(-6).
-6
Let i(c) = 2*c - 13. Determine i(12).
11
Let w(b) = -6*b**3 + 5*b - 5. Give w(1).
-6
Let n(a) = a**3 - 2*a**2 - 2*a + 2. What is n(3)?
5
Let q(u) = -52*u**3 + 2*u**2 - 2*u - 3. Give q(-1).
53
Let d(l) = -73*l + 517. Calculate d(7).
6
Let f(k) = -2*k + 3. Give f(0).
3
Let g(i) = i**2 - 20*i + 29. Give g(15).
-46
Let r(u) = -u**2 - 6*u + 4. Calculate r(-6).
4
Let m(z) = z + 1. What is m(11)?
12
Let a(d) = 4*d + 80. What is a(-18)?
8
Let m(p) = -99*p + 602. Give m(6).
8
Let g(y) = -y**2 - 13*y + 19. Give g(-15).
-11
Let t(r) = r**3 - 8*r**2 + 2*r + 24. Calculate t(7).
-11
Let d(l) = -l - 22. Give d(7).
-29
Let k(d) = -51*d - 39. What is k(3)?
-192
Let b(n) = -4*n**2 + 9*n - 25. Give b(6).
-115
Let t(d) = d**3 - 8*d**2 + 8*d - 11. Calculate t(7).
-4
Let d(n) = n**3 - 9*n**2 + 7*n + 10. Calculate d(6).
-56
Let n(x) = x - 1. Give n(-8).
-9
Let a(y) = -7*y**2 + 10*y + 14. Determine a(-2).
-34
Let r(z) = 5*z**2 - z + 2. Determine r(1).
6
Let b(i) = 3*i - 50. Calculate b(16).
-2
Let n(d) = 3*d**2 + 4*d + 10. What is n(-3)?
25
Let w(r) = 2*r**2 + 58*r + 204. Calculate w(-25).
4
Let l(s) = -3*s - 9. Calculate l(-5).
6
Let i(z) = z**3 - 7*z**2 + 2*z - 21. Give i(9).
159
Let b(c) = 8*c - 14. Calculate b(-1).
-22
Let t(q) = 2*q + 13. Calculate t(-5).
3
Let w(a) = 9*a + 9. Determine w(5).
54
Let p(z) = -z**2 + 6. Calculate p(7).
-43
Let x(d) = d**3 - 4*d**2 - 5*d - 7. Give x(5).
-7
Let j(a) = 3*a - 10. What is j(6)?
8
Let f(i) = i**2 - 13*i + 19. Give f(11).
-3
Let c(i) = 2*i**2 - 9*i - 45. Calculate c(7).
-10
Let o(h) = -2*h**2 + 17*h - 6. What is o(9)?
-15
Let w(n) = -4*n + 14. Calculate w(7).
-14
Let r(l) = -2*l**3 + 2*l**2 + 3*l + 2. Give r(-1).
3
Let t(m) = m**3 - 8*m**2 + 9*m - 6. Calculate t(6).
-24
Let d(a) = 5*a**2 + a - 5. Determine d(-2).
13
Let f(s) = -s**2 - s + 4. Give f(0).
4
Let k(p) = -15*p - 3. Give k(3).
-48
Let a(h) = h**3 + 7*h**2 + 7*h. What is a(-6)?
-6
Let g(c) = -14*c - 12. Determine g(-3).
30
Let m(p) = -p + 6. Determine m(16).
-10
Let o(w) = -w**2 + 26*w + 26. Calculate o(27).
-1
Let w(t) = t - 5. Determine w(4).
-1
Let g(s) = s**2 + 7*s + 3. Give g(-4).
-9
Let c(k) = -2*k**2 - 3*k + 48. Give c(-6).
-6
Let f(n) = -2*n**2 + 59*n + 152. Give f(32).
-8
Let j(q) = -q**2 + 13*q + 5. Give j(10).
35
Let p(y) = 7*y**2 - 2*y + 2. Calculate p(2).
26
Let o(t) = t**3 - 23*t**2 - 23*t + 14. Determine o(24).
38
Let z(o) = -o**2 - 29*o - 127. What is z(-24)?
-7
Let m(z) = z**3 - 20*z**2. Calculate m(20).
0
Let v(z) = -z + 9. Give v(3).
6
Let o(j) = -j**3 + 4*j**2 + 3*j - 6. Calculate o(4).
6
Let g(q) = -50*q + 2. Determine g(-2).
102
Let j(g) = g**3 - 10*g**2 + 5. Give j(5).
-120
Let y(w) = -w**2 + 6*w + 10. Determine y(-2).
-6
Let l(a) = a**3 + 6*a**2 - 39*a - 183. Determine l(-8).
1
Let i(r) = 3*r + 8. What is i(-7)?
-13
Let j(g) = -g + 10. Determine j(16).
-6
Let s(u) = -u**3 - 9*u**2 - 9*u - 14. Calculate s(-8).
-6
Let r(c) = -c**2 - 13*c - 48. Determine r(-6).
-6
Let m(a) = a**3 - 4*a**2 - 8*a + 9. Give m(5).
-6
Let h(d) = -d + 1. What is h(4)?
-3
Let q(y) = -9*y + 32. Calculate q(19).
-139
Let h(s) = 11*s**2 + 4*s + 1. Calculate h(-1).
8
Let l(m) = -m**3 + 5*m**2 + 10*m - 8. What is l(7)?
-36
Let v(c) = -9*c**2 + 5*c + 3. Determine v(-1).
-11
Let y(a) = -2*a**2 + 13*a + 4. Give y(6).
10
Let a(d) = d**3 + 9. Give a(3).
36
Let z(i) = 2*i**2 + 36*i + 61. Calculate z(-15).
-29
Let s(g) = -g**2 - 11*g - 13. What is s(-6)?
17
Let y(n) = -n**2 + 30*n - 28. Calculate y(29).
1
Let g(k) = k**3 - 4*k**2 + 8*k - 22. Calculate g(6).
98
Let c(v) = -v**3 + 22*v**2 + 24*v - 19. Calculate c(23).
4
Let l(t) = -t**2 + 11*t + 19. Calculate l(13).
-7
Let v(g) = -g**3 + 9*g**2 + 3. Give v(9).
3
Let l(u) = -u**3 - 7*u**2. What is l(-7)?
0
Let c(m) = 3*m - 2. What is c(-10)?
-32
Let q(t) = -t**2 + 12*t + 4. Calculate q(12).
4
Let u(o) = -o - 12. Determine u(-16).
4
Let a(z) = -z**2 + 13*z + 172. Calculate a(22).
-26
Let d(t) = t**2 + 15*t + 14. Calculate d(-9).
-40
Let z(v) = -v**3 - 19*v**2 - 17*v + 17. What is z(-18)?
-1
Let n(y) = -2*y**2 + y + 12. Calculate n(-3).
-9
Let k(w) = -w**3 + 4*w**2 - 4*w - 3. Calculate k(3).
-6
Let f(y) = y**3 + 8*y**2 - 6*y + 23. What is f(-9)?
-4
Let k(b) = -8*b**3 - 2*b**2 - 3*b + 4. Calculate k(1).
-9
Let v(t) = -t**2 + t. What is v(2)?
-2
Let o(f) = 5*f - 14. What is o(-20)?
-114
Let x(p) = -p**3 + 4*p + 4. Determine x(-4).
52
Let b(x) = -3*x - 44. Calculate b(-11).
-11
Let q(a) = a**2 + 7*a - 10. Calculate q(-8).
-2
Let g(o) = -43*o - 1928. Determine g(-45).
7
Let i(b) = -3*b - 4. Give i(8).
-28
Let k(g) = 9*g. Determine k(-4).
-36
Let b(q) = -q**3 - q**2 + q - 1. What is b(-2)?
1
Let u(z) = -z + 63. Give u(0).
63
Let g(j) = -j**3 - 23*j**2 - 61*j - 12. Calculate g(-3).
-9
Let y(j) = -j**3 + 8*j**2 + j + 6. Determine y(9).
-66
Let c(t) = -t - 19. Determine c(-12).
-7
Let j(m) = 3*m**2 + 15*m - 6. What is j(-11)?
192
Let h(t) = -t - 36. Give h(-36).
0
Let y(r) = -67*r + 213. Determine y(3).
12
Let u(n) = 12*n**2 - 68*n - 25. Calculate u(6).
-1
Let h(d) = -d**3 - 9*d**2 - 7*d + 5. Give h(-8).
-3
Let x(a) = -2*a**3 + 5*a**2 + 8*a - 8. Calculate x(4).
-24
Let a(t) = -2*t - 2. Give a(13).
-28
Let n(h) = -49*h + 240. What is n(5)?
-5
Let g(s) = 27*s + 89. What is g(-3)?
8
Let c(d) = -6*d**3 - d**2. What is c(1)?
-7
Let h(n) = -n + 9. What is h(10)?
-1
Let u(q) = 4*q**2 - 18*q + 1. Give u(4).
-7
Let a(q) = 3*q + 65. Determine a(-19).
8
Let j(c) = c - 71. Calculate j(19).
-52
Let t(m) = -m**3 - m + 4. Determine t(2).
-6
Let p(k) = 19*k + 638. Calculate p(-34).
-8
Let m(y) = -y**2 - 5*y. Determine m(4).
-36
Let y(i) = -i + 4. What is y(2)?
2
Let r(i) = 8*i - 64. Determine r(8).
0
Let g(f) = -f**3 + 2*f**2 + 8*f - 25. Calculate g(4).
-25
Let h(u) = u**2 + 22*u - 8. Determine h(-23).
15
Let z(d) = d**3 + 9*d**2 - 12*d - 21. Determine z(-10).
-1
Let c(v) = v**3 - 15*v**2 - 7. Give c(15).
-7
Let p(n) = -13*n - 11. What is p(0)?
-11
Let t(i) = -i**3 + 21*i**2 - 22*i + 44. What is t(20)?
4
Let k(d) = -d**3 + 5*d**2 + 3*d - 1. Determine k(5).
14
Let d(a) = a**2 + a + 49. Calculate d(0).
49
Let v(n) = -n**2 - 14*n + 11. Determine v(-15).
-4
Let q(v) = -33*v**2 + 102*v - 3. What is q(3)?
6
Let s(u) = -17*u - 41. What is s(-3)?
10
Let v(a) = -a**2 + a - 2. Give v(2).
-4
Let l(a) = -3*a - 26. Calculate l(0).
-26
Let n(l) = 8*l**2 - 29*l + 95. Calculate n(3).
80
Let o(x) = 4*x**2 + 10*x - 35. Determine o(-8).
141
Let i(v) = v**2 - v - 71. Calculate i(-8).
1
Let h(i) = -i**2 + 8*i - 30. Determine h(5).
-15
Let x(v) = -v**3 + 14*v**2 + 17*v + 31. Determine x(15).
61
Let y(s) = -s**3 + 22*s**2 - 21*s + 4. Calculate y(21).
4
Let d(n) = 17*n - 106. Give d(6).
-4
Let i(t) = 2*t - 15. Determine i(38).
61
Let y(v) = v**3 - 7*v**2 - 8*v - 2. What is y(8)?
-2
Let n(a) = -2*a**2 + 2*a - 18. Calculate n(7).
-102
Let u(d) = -3*d - 77. Calculate u(-25).
-2
Let d(z) = -5*z - 40. Calculate d(-8).
0
Let c(q) = -q**3 - 18*q**2 - 36*q - 17. Determine c(-16).
47
Let r(v) = -2*v + 40. Calculate r(25).
-10
Let v(d) = 3*d + 7. Determine v(-6).
-11
Let z(x) = -2*x - 13. Give z(-6).
-1
Let p(n) = 18*n + 2. What is p(1)?
20
Let g(u) = -2*u**3 + 3*u**2 - 5*u + 5. Calculate g(2).
-9
Let g(i) = -i**3 + 5*i**2 - 5*i + 8. Determine g(6).
-58
Let r(h) = -8*h + 6. What is r(4)?
-26
Let m(j) = -6*j + 44. Give m(9).
-10
Let h(l) = l**3 - 7*l**2 - 5*l + 7. What is h(7)?
-28
Let f(j) = 26*j + 84. Calculate f(-3).
6
Let q(t) = -13*t**2 - 36*t + 6. What is q(-3)?
-3
Let b(p) = -p**3 + p - 16. What is b(0)?
-16
Let q(d) = -3*d - 4. Give q(-7).
17
Let w(v) = 